d) = -278*d + 281. List the prime factors of f(-6).
1949
Let s(m) = -29*m. Let v be s(3). Let n = -48 - v. What are the prime factors of n?
3, 13
Let v(l) = l + 4. Let j be v(-5). What are the prime factors of j*(-143 + -2 - 4)?
149
Suppose 2*a - 15 = 259. What are the prime factors of a?
137
Let b = 28 - 31. List the prime factors of 3/b + (7 - -83).
89
Let z be (-8)/((-14)/6 - -3). Let q be ((-92)/(-6))/(z/18). Let a = q - -39. What are the prime factors of a?
2
Suppose -4*c - 50*l + 53*l = -3148, -l = -4*c + 3140. List the prime factors of c.
2, 7
List the prime factors of 106 + -98 + 4*439.
2, 3, 7
Suppose 2*v + 5*m - 171 = 0, -2*v - 2*m + 156 = -0*v. What are the prime factors of v - (-1 + -2 + 2)?
2, 37
Let f(y) = -y**3 - 24*y**2 - 43*y + 23. Let l be f(-22). What are the prime factors of l + (-1 - 4 - -95)?
7, 13
Let f = 2 + 5. Suppose -33 + f = 2*m. Let j(r) = r**2 + 11*r - 12. What are the prime factors of j(m)?
2, 7
Let h = 33 - 28. Suppose u - s = 244, 2*s - 4*s + 1206 = h*u. What are the prime factors of u?
2, 11
Let a(i) be the third derivative of 29*i**4/24 + i**3/3 - 4*i**2. Let c be a(1). Suppose 83 + c = 3*r. List the prime factors of r.
2, 19
Let s(v) = -v**2 - 25*v - 39. Let l be s(-9). Let x = 163 - l. What are the prime factors of x?
2, 29
Let p = 38 - 34. Suppose -p*f + 425 = 5*b, -85 = -2*b + b + 3*f. What are the prime factors of b?
5, 17
Let h(s) = 5*s + 9. Let r(u) = u + 1. Let p(b) = h(b) - 6*r(b). Let d be p(3). List the prime factors of (d - (-3 - -4))*-17.
17
Suppose -2*z = 8, 0 = -5*h + 5*z - z + 356. What are the prime factors of h?
2, 17
Let i(t) = t**3 - 7*t**2 - 7*t + 4. Suppose 4*y - 12 = 20. Let n be i(y). Let d = -6 + n. What are the prime factors of d?
2, 3
Let s = 9 - 9. Suppose s = 5*a - 38 - 27. Suppose 3*r - 8 - a = 0. What are the prime factors of r?
7
Suppose 3*s + 2567 = 2*o, 7*s = 3*o + 11*s - 3876. List the prime factors of o.
2, 7, 23
List the prime factors of 4 - (915/(-45))/(4/132).
3, 5
Suppose -4*f = 4, 3*f = -2*a - 2*f + 307. Suppose 0*i + 3*i - a = 0. Suppose -4*t = -0*t - i. List the prime factors of t.
13
Let b = 352 + -305. List the prime factors of b.
47
Suppose -v - 15 = 4*v. What are the prime factors of v/(-2)*(-106)/(-3)?
53
Let z(u) = 184*u**3 - 10. List the prime factors of z(2).
2, 17, 43
Let b = -3835 - -6806. What are the prime factors of b?
2971
Suppose g = 3*k - 33, k + 2*g = -2*g - 2. Suppose 4*v = 6*v + 4, t - 5*v - 11 = 0. List the prime factors of (t/2)/(k/760).
2, 19
What are the prime factors of 36/(-45) + (-40974)/(-30)?
3, 5, 7, 13
Let b(p) = 26*p + 2. Let w be b(2). Let j = w + -32. List the prime factors of j.
2, 11
Let j be (20/(-5) - -4)*1/(-2). What are the prime factors of -70*(j + (2 + 0)*-1)?
2, 5, 7
Suppose -32*u + 12746 = -8022. What are the prime factors of u?
11, 59
Let b(d) = 42*d - 274. List the prime factors of b(20).
2, 283
Let s(o) = 42*o + 4. Let d(c) = 5*c**2 + c + 2. Let q be d(-1). List the prime factors of s(q).
2
Let j(y) = 17*y**2 - y + 1. Suppose -2*b + 2 + 2 = 0. What are the prime factors of j(b)?
67
Suppose -4*n + 3014 + 3602 = 0. What are the prime factors of n?
2, 827
Let o = 28 - 26. Let h(v) = 8*v**2 - v + 7. List the prime factors of h(o).
37
Let l(f) = -f**3 + 11*f**2 - 17*f + 4. Let n be l(7). Let k = 252 - n. List the prime factors of k.
3, 19
Let v = 2172 - 1367. What are the prime factors of v?
5, 7, 23
Suppose -351*g = -363*g + 31260. List the prime factors of g.
5, 521
Let r be (-9)/12 - ((-57)/12 - 0). Suppose -5*a - r*u + 551 = -0*a, 194 = 2*a - 5*u. List the prime factors of a.
107
Suppose -2*c + 4*x = -304, c + 8*x - 150 = 9*x. List the prime factors of c.
2, 37
Let g be 55/20 - (-6)/(-8). Let x(d) = 2*d**2 + 3*d - 2. Let k be x(g). Suppose 0 = 3*r - 4*r + k. What are the prime factors of r?
2, 3
Suppose 7878 + 10037 = 5*p. List the prime factors of p.
3583
Let b = 1943 + -1845. What are the prime factors of b?
2, 7
Suppose -4*k + 7*k + 3*p - 1215 = 0, 2*p = k - 411. What are the prime factors of k?
11, 37
Let k(z) = 4*z**2 + 2*z - 4. Suppose 0 = -4*q - 86 - 6. Let i = q + 26. List the prime factors of k(i).
2, 19
Let k(c) be the first derivative of 6*c**3 + c**2/2 - c - 5. Let y be (-3)/9*-6 - 1. List the prime factors of k(y).
2, 3
Let w(d) = d**2 + 6*d + 5. Let i be w(-4). Let p be ((-4)/12*0)/i. Suppose 5*y = 2*u + 65, p = 2*y - u - 3*u - 10. List the prime factors of y.
3, 5
Suppose 2*y - v = -14, y = 2*y + v + 10. Let h(c) = -c**3 - 7*c**2 + 9*c + 7. Let a be h(-8). Let w = a - y. What are the prime factors of w?
7
Suppose 0 = 3*g + 9, -g + 112 = 3*r - 968. List the prime factors of r.
19
Let o(l) = -22*l - 314. What are the prime factors of o(-45)?
2, 13
Let t = 86 + -91. What are the prime factors of (-1*(-850)/t)/(-1 - 0)?
2, 5, 17
Let f = -2431 + 3657. List the prime factors of f.
2, 613
Suppose 4*u - 2*f = 82 - 26, -3*f = 3*u - 24. Let t be (2/3)/(u/90). Suppose -t = -5*z, q + 2*q + 4*z = 28. What are the prime factors of q?
2
What are the prime factors of 1344/9 + (55/15 - 3)?
2, 3, 5
Suppose -y - 19 = -21. Suppose -y*m = 5*n - 119, 128 + 156 = 5*m - n. What are the prime factors of m?
3, 19
Let t = -7 + 3. Let d(v) = -2*v**3 - 5*v**2 - 2*v - 6. Let g be d(t). Suppose 3*p + 41 = -2*w + 4*w, 5*w + 3*p - g = 0. What are the prime factors of w?
13
Suppose -4*r - 3*u + 155 = 0, 0 = -2*r - 20*u + 15*u + 67. What are the prime factors of r?
41
Let t(s) = 3*s**2 + 12*s - 4. Let y(p) be the first derivative of -7*p**3/3 - 12*p**2 + 8*p + 7. Let n(g) = 9*t(g) + 4*y(g). List the prime factors of n(10).
2
Let g(q) = 1 - 11*q**2 - 15*q**3 - 17*q**2 + 26*q**2. List the prime factors of g(-2).
113
Let f(t) = -t**3 + 9*t**2 - 4*t - 2. Let a be (-424)/(-56) - (12/21 + -1). List the prime factors of f(a).
2, 3, 5
Let u(w) = 2. Let r(h) = h - 4. Let s(z) = z**2 + z. Let b be s(2). Let v(k) = b*r(k) + 10*u(k). What are the prime factors of v(7)?
2, 19
Suppose -7*c - 35 = 14. Let k(p) = -3*p - 18. List the prime factors of k(c).
3
Let f(m) = 3*m**2 + 21*m - 4. Let y(d) = -11*d - 4 - 2*d**2 + 9 - 3. Let a(u) = 3*f(u) + 5*y(u). List the prime factors of a(7).
5
Let u be (-13310)/40 + (-1)/4. Let y be 2*(u/(-6) - -2). Suppose -y = -8*i + 3*i. List the prime factors of i.
23
Let v(p) = 4*p**2 - p. Let x(d) = -5*d**2 + 2*d. Let q(h) = 6*v(h) + 5*x(h). Let t be q(4). Suppose -93 = -3*r - t*r. List the prime factors of r.
31
Suppose -5*w + 0*w + 20 = 0. Suppose -9*q + 910 = -w*q. List the prime factors of q.
2, 7, 13
Let c(l) = l**2 - 5*l + 3. Let x be c(5). Let p be ((-8)/(-2))/(x/6). Suppose -2*q + p = 0, -14 = o - 3*o + q. What are the prime factors of o?
3
Suppose -11*a - 161 + 18 = 0. Let x(s) = -2*s - 1. What are the prime factors of x(a)?
5
Let g(q) = 11*q**2 - 16*q - 31. List the prime factors of g(-13).
2, 509
Let x = 44 - 37. Suppose -9*y + x*y + 160 = 0. List the prime factors of y.
2, 5
Let c = 515 - 51. List the prime factors of c.
2, 29
Suppose -4*q = -5*d - 2, -3*q + 4*q = d + 1. Suppose -7*u - d*r + 18 = -3*u, 4*r = 2*u + 16. Suppose 0 = u*k + 28 - 94. List the prime factors of k.
3, 11
Suppose -4*u = 19 - 7, 0 = 5*n + 2*u - 414. List the prime factors of n.
2, 3, 7
Suppose -8 + 32 = 4*r. Suppose -p = 0, r*m - 282 = 3*m - 5*p. List the prime factors of m.
2, 47
Suppose 0 = 16*l - 20*l + 2140. List the prime factors of l.
5, 107
Let s(m) = 8 - 2*m + 0*m**2 - m**3 - 6*m**2 + 4*m - 8*m. What are the prime factors of s(-6)?
2, 11
Suppose -957 = 6*s - 6255. What are the prime factors of s?
883
Let i(q) = q - 2. Let w be i(1). Let o be 18/81 + (-14)/(-18). Let m = o - w. List the prime factors of m.
2
Suppose 7*b = 518 + 1806. Suppose 8*z + b = 1660. Suppose -5*f + 109 = -z. What are the prime factors of f?
5, 11
List the prime factors of (2421/(-6))/(8/(-16)).
3, 269
Let j(q) = -q**3 + 7*q**2 + 16*q + 10. Let k(b) = -b. Let s(d) = j(d) + 6*k(d). Let f(l) = -3*l - 7. Let a be f(-5). List the prime factors of s(a).
2, 13
Let f(n) = -n + 12. Let d be f(5). Let i = 9 - d. Suppose i*l - 24 = 4*s, 4*l - 14 - 39 = 3*s. What are the prime factors of l?
2, 7
Let o(u) = -u**3 + 8*u**2 + 4*u - 7. Let s be o(8). Suppose -2*v - 5*d - 12 = -3*v, 3*v - s = 4*d. Let w = v - -38. What are the prime factors of w?
3, 5
Suppose -3*c + c + 6 =